hat are the prime factors of 12457183?
131, 95093
List the prime factors of 20477065.
5, 7, 401, 1459
List the prime factors of 4120953.
3, 17, 80803
What are the prime factors of 1340378?
2, 13, 31, 1663
What are the prime factors of 906247?
53, 17099
What are the prime factors of 3789227?
13, 19, 23, 29
List the prime factors of 1220697.
3, 29, 1559
List the prime factors of 1460409.
3, 43, 11321
What are the prime factors of 296737?
7, 42391
List the prime factors of 119915.
5, 29, 827
List the prime factors of 14603807.
197, 74131
What are the prime factors of 288448?
2, 4507
List the prime factors of 10747847.
11, 431, 2267
What are the prime factors of 893857?
893857
What are the prime factors of 4398117?
3, 1466039
What are the prime factors of 2393329?
163, 14683
List the prime factors of 136778.
2, 68389
What are the prime factors of 183293?
11, 19, 877
List the prime factors of 28380.
2, 3, 5, 11, 43
List the prime factors of 589277.
13, 45329
List the prime factors of 2606163.
3, 7, 17729
What are the prime factors of 18652878?
2, 3, 1036271
What are the prime factors of 1093814?
2, 17, 53, 607
List the prime factors of 1386411.
3, 13, 19, 1871
What are the prime factors of 2539975?
5, 101599
What are the prime factors of 12013?
41, 293
List the prime factors of 6115156.
2, 1528789
What are the prime factors of 23283232?
2, 7, 31, 479
What are the prime factors of 633563?
7, 29, 3121
List the prime factors of 192780.
2, 3, 5, 7, 17
List the prime factors of 39085620.
2, 3, 5, 7, 29, 3209
List the prime factors of 1422830.
2, 5, 263, 541
What are the prime factors of 804883?
859, 937
What are the prime factors of 7797644?
2, 23, 131, 647
List the prime factors of 1204405.
5, 240881
List the prime factors of 10156584.
2, 3, 423191
What are the prime factors of 132805?
5, 26561
What are the prime factors of 8647447?
8647447
What are the prime factors of 7389204?
2, 3, 615767
List the prime factors of 174745.
5, 34949
What are the prime factors of 2597184?
2, 3, 167
List the prime factors of 1241164.
2, 310291
List the prime factors of 348109.
17, 20477
What are the prime factors of 1090078?
2, 11, 49549
List the prime factors of 281588.
2, 17, 41, 101
What are the prime factors of 4222137?
3, 17, 82787
List the prime factors of 33811335.
3, 5, 751363
List the prime factors of 18141858.
2, 3, 7, 67, 307
List the prime factors of 223285.
5, 44657
List the prime factors of 1313417.
7, 187631
What are the prime factors of 1137787?
7, 23, 37, 191
List the prime factors of 2979831.
3, 401, 2477
What are the prime factors of 13742?
2, 6871
What are the prime factors of 199791?
3, 79, 281
List the prime factors of 49856.
2, 19, 41
List the prime factors of 1764685.
5, 13, 17, 1597
What are the prime factors of 822044?
2, 151, 1361
What are the prime factors of 5698163?
5698163
What are the prime factors of 11627598?
2, 3, 1937933
What are the prime factors of 4892607?
3, 179, 3037
List the prime factors of 232630.
2, 5, 43, 541
What are the prime factors of 119272?
2, 17, 877
What are the prime factors of 1845572?
2, 461393
List the prime factors of 38865.
3, 5, 2591
List the prime factors of 214610.
2, 5, 11, 1951
List the prime factors of 2214216.
2, 3, 17, 67
What are the prime factors of 461180?
2, 5, 23059
List the prime factors of 3466538.
2, 17, 101957
List the prime factors of 12622061.
19, 664319
What are the prime factors of 433530?
2, 3, 5, 4817
What are the prime factors of 17403483?
3, 61, 95101
What are the prime factors of 12184621?
59, 206519
List the prime factors of 92819.
101, 919
What are the prime factors of 874558?
2, 437279
List the prime factors of 394709.
7, 113, 499
What are the prime factors of 1042992?
2, 3, 7243
List the prime factors of 440896.
2, 83
List the prime factors of 9032033.
37, 244109
List the prime factors of 472233.
3, 157411
What are the prime factors of 456497?
227, 2011
What are the prime factors of 583214?
2, 163, 1789
List the prime factors of 167719.
367, 457
List the prime factors of 976190.
2, 5, 31, 47, 67
List the prime factors of 8405812.
2, 43, 48871
List the prime factors of 631743.
3, 7, 67, 449
List the prime factors of 357667.
357667
What are the prime factors of 2027483?
641, 3163
What are the prime factors of 209492?
2, 83, 631
What are the prime factors of 2826127?
67, 42181
List the prime factors of 2170320.
2, 3, 5, 9043
What are the prime factors of 25370905?
5, 7, 347, 2089
List the prime factors of 16009037.
11, 1455367
List the prime factors of 180054.
2, 3, 7, 1429
List the prime factors of 879539.
879539
What are the prime factors of 200950?
2, 5, 4019
What are the prime factors of 11172303?
3, 43, 9623
List the prime factors of 2431915.
5, 41, 11863
What are the prime factors of 421505?
5, 7, 12043
List the prime factors of 143863.
293, 491
List the prime factors of 352559.
41, 8599
What are the prime factors of 216891?
3, 29, 277
What are the prime factors of 1473252?
2, 3, 11, 11161
What are the prime factors of 2195608?
2, 274451
List the prime factors of 868770.
2, 3, 5, 7, 197
List the prime factors of 40708.
2, 10177
What are the prime factors of 2713702?
2, 73, 18587
List the prime factors of 1197003.
3, 31, 61, 211
List the prime factors of 36215.
5, 7243
List the prime factors of 211222.
2, 11, 9601
What are the prime factors of 6229327?
13, 17, 71, 397
List the prime factors of 124623.
3, 61, 227
List the prime factors of 1779539.
613, 2903
List the prime factors of 532557.
3, 47, 1259
List the prime factors of 12616020.
2, 3, 5, 61, 383
List the prime factors of 8579243.
101, 173, 491
List the prime factors of 63621.
3, 7069
List the prime factors of 549148.
2, 23, 47, 127
What are the prime factors of 2966028?
2, 3, 13, 19013
List the prime factors of 2188770.
2, 3, 5, 72959
What are the prime factors of 948461?
19, 49919
What are the prime factors of 5936969?
5936969
What are the prime factors of 4302837?
3, 7, 11, 887
List the prime factors of 3830384.
2, 41, 5839
List the prime factors of 34046037.
3, 3782893
What are the prime factors of 4329511?
19, 227869
List the prime factors of 6107.
31, 197
What are the prime factors of 17421703?
13, 103087
List the prime factors of 130472.
2, 47, 347
List the prime factors of 31422240.
2, 3, 5, 21821
What are the prime factors of 6604170?
2, 3, 5, 29, 7591
List the prime factors of 5294762.
2, 11, 29, 43, 193
What are the prime factors of 1276023?
3, 7, 60763
List the prime factors of 8301566.
2, 7, 13, 45613
List the prime factors of 2927203.
211, 13873
List the prime factors of 343336.
2, 7, 6131
What are the prime factors of 26247547?
4451, 5897
What are the prime factors of 250291?
17, 14723
List the prime factors of 24895306.
2, 103, 120851
What are the prime factors of 623833?
7, 89119
What are the prime factors of 98449?
13, 7573
What are the prime factors of 271412?
2, 67853
List the prime factors of 1021274.
2, 37, 373
What are the prime factors of 166853?
166853
List the prime factors of 38177.
38177
What are the prime factors of 6050944?
2, 41, 1153
List the prime factors of 406523.
13, 31271
What are the prime factors of 2115673?
7, 43177
List the prime factors of 258339.
3, 86113
List the prime factors of 722031.
3, 240677
List the prime factors of 21224924.
2, 7, 809, 937
What are the prime factors of 163741?
163741
What are the prime factors of 20382179?
1381, 14759
List the prime factors of 313997.
313997
List the prime factors of 26465.
5, 67, 79
What are the prime factors of 22331098?
2, 17, 31, 21187
What are the prime factors of 7382780?
2, 5, 419, 881
List the prime factors of 63485.
5, 12697
What are the prime factors of 262030?
2, 5, 26203
What are the prime factors of 58555?
5, 7, 239
What are the prime factors of 2231514?
2, 3, 123973
List the prime factors of 2688767.
2688767
What are the prime factors of 12150739?
23, 29, 18217
List the prime factors of 41306.
2, 19, 1087
What are the prime factors of 966786?
2, 3, 269, 599
What are the prime factors of 667029?
3, 11, 17, 29, 41
List the prime factors of 2373735.
3, 5, 7, 13, 37, 47
What are the prime factors of 13575740?
2, 5, 211, 3217
List the prime factors of 31575381.
3, 1663, 6329
What are the prime factors of 537620?
2, 5, 26881
